12-29 11:06:56.580 1301 1643 E LightsService: Light requested not available on this device. 2
12-29 11:06:56.607 1301 1360 I ActivityManager: START u0 {act=android.intent.action.MAIN cat=[android.intent.category.LAUNCHER] flg=0x10200000 cmp=com.lego.ar.hidden/.UnityPlayerActivity bnds=[235,1535][438,1854]} from uid 10038
12-29 11:06:56.646 1301 1425 I ActivityManager: Start proc 27686:com.lego.ar.hidden/u0a113 for activity com.lego.ar.hidden/.UnityPlayerActivity
12-29 11:06:56.688 27686 27686 I CrashlyticsCore: Initializing Crashlytics 2.6.6.29
12-29 11:06:56.691 27686 27716 W Fabric : Could not call getId on com.google.android.gms.ads.identifier.AdvertisingIdClient$Info
12-29 11:06:56.691 27686 27716 W Fabric : Could not call isLimitAdTrackingEnabled on com.google.android.gms.ads.identifier.AdvertisingIdClient$Info
12-29 11:06:56.698 27686 27703 D NetworkSecurityConfig: No Network Security Config specified, using platform default
12-29 11:06:56.711 27686 27686 D OpenGLRenderer: Skia GL Pipeline
12-29 11:06:56.775 27686 27729 I Unity : SystemInfo CPU = ARM64 FP ASIMD AES, Cores = 8, Memory = 5628mb
12-29 11:06:56.775 27686 27729 I Unity : SystemInfo ARM big.LITTLE configuration: 4 big (mask: 0xf0), 4 little (mask: 0xf)
12-29 11:06:56.775 27686 27729 I Unity : ApplicationInfo com.lego.ar.hidden version 3.3.0 build 57d447f8-1d77-466d-a613-3d5fe82c79f2
12-29 11:06:56.775 27686 27729 I Unity : Built from '2018.4/staging' branch, Version '2018.4.17f1 (b830f56f42f0)', Build type 'Release', Scripting Backend 'il2cpp', CPU 'arm64-v8a'
12-29 11:06:56.787 1301 1419 I ActivityManager: Displayed com.lego.ar.hidden/.UnityPlayerActivity: +155ms
12-29 11:06:56.789 4378 9652 D conversations: deleted file /storage/emulated/0/Android/data/com.lego.ar.hidden/b7d4a207cd3fb4012a5d29fdd4304a96 internal=false, database hits=0
12-29 11:06:56.790 4378 9652 D conversations: deleted file /storage/emulated/0/Android/data/com.lego.ar.hidden/b7d4a207cd3fb4012a5d29fdd4304a96_tmp internal=false, database hits=0
12-29 11:06:56.839 1301 1419 I UsageStatsService: User[0] Flushing usage stats to disk
12-29 11:06:56.919 767 2305 W SurfaceFlinger: Attempting to set client state on removed layer: Splash Screen com.lego.ar.hidden#0
12-29 11:06:56.919 767 2305 W SurfaceFlinger: Attempting to destroy on removed layer: Splash Screen com.lego.ar.hidden#0
12-29 11:06:56.999 27686 27729 E SchedPolicy: set_timerslack_ns write failed: Operation not permitted
12-29 11:06:57.095 27686 27729 I Adreno : QUALCOMM build : 791494e, Id7006ec082
12-29 11:06:57.095 27686 27729 I Adreno : Build Date : 12/09/18
12-29 11:06:57.095 27686 27729 I Adreno : OpenGL ES Shader Compiler Version: EV031.24.02.00
12-29 11:06:57.095 27686 27729 I Adreno : Local Branch :
12-29 11:06:57.095 27686 27729 I Adreno : Remote Branch : refs/tags/AU_LINUX_ANDROID_LA.UM.7.3.R1.09.00.00.423.045
12-29 11:06:57.095 27686 27729 I Adreno : Remote Branch : NONE
12-29 11:06:57.095 27686 27729 I Adreno : Reconstruct Branch : NOTHING
12-29 11:06:57.095 27686 27729 I Adreno : Build Config : S P 6.0.7 AArch64
12-29 11:06:57.090 27686 27686 W UnityMain: type=1400 audit(0.0:1966): avc: denied { search } for name="proc" dev="debugfs" ino=14718 scontext=u:r:untrusted_app:s0:c113,c256,c512,c768 tcontext=u:object_r:qti_debugfs:s0 tclass=dir permissive=0
12-29 11:06:57.096 27686 27729 I Adreno : PFP: 0x016ee180, ME: 0x00000000
12-29 11:06:57.094 27686 27686 W UnityMain: type=1400 audit(0.0:1967): avc: denied { search } for name="ctx" dev="debugfs" ino=14747 scontext=u:r:untrusted_app:s0:c113,c256,c512,c768 tcontext=u:object_r:qti_debugfs:s0 tclass=dir permissive=0
12-29 11:06:57.100 27686 27729 I ConfigStore: android::hardware::configstore::V1_0::ISurfaceFlingerConfigs::hasWideColorDisplay retrieved: 0
12-29 11:06:57.100 27686 27729 I ConfigStore: android::hardware::configstore::V1_0::ISurfaceFlingerConfigs::hasHDRDisplay retrieved: 0
12-29 11:06:57.097 27686 27686 W UnityMain: type=1400 audit(0.0:1968): avc: denied { search } for name="ctx" dev="debugfs" ino=14747 scontext=u:r:untrusted_app:s0:c113,c256,c512,c768 tcontext=u:object_r:qti_debugfs:s0 tclass=dir permissive=0
12-29 11:06:57.100 27686 27686 W UnityMain: type=1400 audit(0.0:1969): avc: denied { search } for name="ctx" dev="debugfs" ino=14747 scontext=u:r:untrusted_app:s0:c113,c256,c512,c768 tcontext=u:object_r:qti_debugfs:s0 tclass=dir permissive=0
12-29 11:06:57.109 27686 27729 D Unity : GL_OES_EGL_image GL_OES_EGL_image_external GL_OES_EGL_sync GL_OES_vertex_half_float GL_OES_framebuffer_object GL_OES_rgb8_rgba8 GL_OES_compressed_ETC1_RGB8_texture GL_AMD_compressed_ATC_texture GL_KHR_texture_compression_astc_ldr GL_KHR_texture_compression_astc_hdr GL_OES_texture_compression_astc GL_OES_texture_npot GL_EXT_texture_filter_anisotropic GL_EXT_texture_format_BGRA8888 GL_OES_texture_3D GL_EXT_color_buffer_float GL_EXT_color_buffer_half_float GL_QCOM_alpha_test GL_OES_depth24 GL_OES_packed_depth_stencil GL_OES_depth_texture GL_OES_depth_texture_cube_map GL_EXT_sRGB GL_OES_texture_float GL_OES_texture_float_linear GL_OES_texture_half_float GL_OES_texture_half_float_linear GL_EXT_texture_type_2_10_10_10_REV GL_EXT_texture_sRGB_decode GL_EXT_texture_format_sRGB_override GL_OES_element_index_uint GL_EXT_copy_image GL_EXT_geometry_shader GL_EXT_tessellation_shader GL_OES_texture_stencil8 GL_EXT_shader_io_blocks GL_OES_shader_image_atomic GL_OES_sample_variables GL_EXT_texture_border_clamp GL_EXT_multi
12-29 11:06:57.109 27686 27729 D Unity : sampled_render_to_texture GL_EXT_multisampled_render_to_texture2 GL_OES_shader_multisample_interpolation GL_EXT_texture_cube_map_array GL_EXT_draw_buffers_indexed GL_EXT_gpu_shader5 GL_EXT_robustness GL_EXT_texture_buffer GL_EXT_shader_framebuffer_fetch GL_ARM_shader_framebuffer_fetch_depth_stencil GL_OES_texture_storage_multisample_2d_array GL_OES_sample_shading GL_OES_get_program_binary GL_EXT_debug_label GL_KHR_blend_equation_advanced GL_KHR_blend_equation_advanced_coherent GL_QCOM_tiled_rendering GL_ANDROID_extension_pack_es31a GL_EXT_primitive_bounding_box GL_OES_standard_derivatives GL_OES_vertex_array_object GL_EXT_disjoint_timer_query GL_KHR_debug GL_EXT_YUV_target GL_EXT_sRGB_write_control GL_EXT_texture_norm16 GL_EXT_discard_framebuffer GL_OES_surfaceless_context GL_OVR_multiview GL_OVR_multiview2 GL_EXT_texture_sRGB_R8 GL_KHR_no_error GL_EXT_debug_marker GL_OES_EGL_image_external_essl3 GL_OVR_multiview_multisampled_render_to_texture GL_EXT_buffer_storage GL_EXT_external_buffer GL_EXT_blit_framebuf
12-29 11:06:57.109 27686 27729 D Unity : fer_params GL_EXT_clip_cull_distance GL_EXT_protected_textures GL_EXT_shader_non_constant_global_initializers GL_QCOM_texture_foveated GL_QCOM_shader_framebuffer_fetch_noncoherent GL_EXT_memory_object GL_EXT_memory_object_fd GL_EXT_EGL_image_array GL_NV_shader_noperspective_interpolation GL_KHR_robust_buffer_access_behavior GL_EXT_EGL_image_storage GL_EXT_blend_func_extended GL_EXT_clip_control
12-29 11:06:57.113 4378 9652 D conversations: deleted file /storage/emulated/0/Android/data/com.lego.ar.hidden/79ad7cb40251d540c8feb2d4f433cd40 internal=false, database hits=0
12-29 11:06:57.115 4378 9652 D conversations: deleted file /storage/emulated/0/Android/data/com.lego.ar.hidden/79ad7cb40251d540c8feb2d4f433cd40_tmp internal=false, database hits=0
12-29 11:06:57.125 759 17594 D AudioFlinger: Client defaulted notificationFrames to 1365 for frameCount 4096
12-29 11:06:57.127 27686 27760 W AudioTrack: Use of stream types is deprecated for operations other than volume control
12-29 11:06:57.127 27686 27760 W AudioTrack: See the documentation of AudioTrack() for what to use instead with android.media.AudioAttributes to qualify your playback use case
12-29 11:06:57.128 1827 2380 E bt_btif : register_notification_rsp: Avrcp device is not connected, handle: 0x0
12-29 11:06:57.128 1827 2380 I chatty : uid=1002(bluetooth) BluetoothAvrcpH identical 4 lines
12-29 11:06:57.128 1827 2380 E bt_btif : register_notification_rsp: Avrcp device is not connected, handle: 0x0
12-29 11:06:57.131 682 682 W AshmemAllocator: ashmem_create_region(15360) returning hidl_memory(0x7c8542c100, 15360)
12-29 11:06:57.132 682 682 W AshmemAllocator: ashmem_create_region(15360) returning hidl_memory(0x7c8542c100, 15360)
12-29 11:06:57.134 759 17594 W AudioFlinger: moveEffectChain_l() effect chain for session 0 not on source thread 0xee103780
12-29 11:06:57.137 686 13444 E volume_listener: check_and_set_gain_dep_cal: Failed to set gain dep cal level
12-29 11:06:57.137 686 17317 D audio_hw_primary: start_output_stream: enter: stream(0xf3817800)usecase(0: deep-buffer-playback) devices(0x2)
12-29 11:06:57.137 686 17317 D audio_hw_primary: select_devices for use case (deep-buffer-playback)
12-29 11:06:57.137 686 17317 V audio_hw_primary: voice_extn_compress_voip_is_active: COMPRESS_VOIP_ENABLED is not defined
12-29 11:06:57.137 686 17317 V msm8974_platform: voice_extn_compress_voip_is_active: COMPRESS_VOIP_ENABLED is not defined
12-29 11:06:57.138 686 17317 D audio_hw_primary: select_devices: out_snd_device(2: speaker) in_snd_device(0: )
12-29 11:06:57.138 686 17317 I msm8974_platform: platform_check_and_set_codec_backend_cfg:becf: afe: bitwidth 16, samplerate 48000 channels 2, backend_idx 0 usecase = 0 device (speaker)
12-29 11:06:57.138 686 17317 D msm8974_platform: platform_split_snd_device: snd_device(2) num devices(1) new_snd_devices(0)
12-29 11:06:57.138 686 17317 I msm8974_platform: platform_check_and_set_codec_backend_cfg: new_snd_devices[0] is 2
12-29 11:06:57.138 686 17317 I msm8974_platform: platform_check_codec_backend_cfg:becf: afe: bitwidth 16, samplerate 48000 channels 2, backend_idx 0 usecase = 0 device (speaker)
12-29 11:06:57.138 686 17317 D msm8974_platform: platform_check_codec_backend_cfg:becf: afe: playback on codec device not supporting native playback set default Sample Rate(48k)
12-29 11:06:57.138 686 17317 I msm8974_platform: platform_check_codec_backend_cfg:becf: afe: Codec selected backend: 0 updated bit width: 16 and sample rate: 48000
12-29 11:06:57.138 686 17317 D audio_hw_primary: check_usecases_codec_backend:becf: force routing 0
12-29 11:06:57.138 686 17317 E msm8974_platform: platform_check_backends_match: Invalid snd_device =
12-29 11:06:57.138 686 17317 D audio_hw_primary: check_usecases_codec_backend:becf: (67) check_usecases curr device: speaker, usecase device: backends match 0
12-29 11:06:57.138 686 17317 D audio_hw_primary: check_usecases_codec_backend:becf: check_usecases num.of Usecases to switch 0
12-29 11:06:57.138 686 17317 D msm8974_platform: platform_split_snd_device: snd_device(2) num devices(0) new_snd_devices(0)
12-29 11:06:57.138 686 17317 D hardware_info: hw_info_append_hw_type : device_name = speaker
12-29 11:06:57.138 686 17317 D msm8974_platform: platform_split_snd_device: snd_device(2) num devices(0) new_snd_devices(0)
12-29 11:06:57.138 686 17317 D audio_hw_primary: enable_snd_device: snd_device(2: speaker)
12-29 11:06:57.138 686 17317 I soundtrigger: audio_extn_sound_trigger_update_device_status: device 0x2 of type 0 for Event 1, with Raise=0
12-29 11:06:57.138 686 17317 D audio_route: Apply path: speaker
12-29 11:06:57.138 686 17317 E soundtrigger: audio_extn_sound_trigger_update_stream_status: invalid input device 0x0, for event 3
12-29 11:06:57.138 686 17317 D soundtrigger: audio_extn_sound_trigger_update_stream_status: uc_info->id 0 of type 0 device 0x02 for Event 3, with Raise=1
12-29 11:06:57.138 686 17317 I soundtrigger: audio_extn_sound_trigger_update_stream_status: device[0x02]: speaker is used, transit to adsp.
12-29 11:06:57.138 686 17317 D sound_trigger_platform: platform_stdev_check_and_update_concurrency: concurrency active 0, tx 0, rx 1, concurrency session_allowed 1
12-29 11:06:57.138 686 17317 D audio_hw_utils: audio_extn_utils_send_app_type_cfg: usecase->out_snd_device speaker
12-29 11:06:57.138 686 17317 D msm8974_platform: platform_split_snd_device: snd_device(2) num devices(0) new_snd_devices(0)
12-29 11:06:57.138 686 17317 D audio_hw_utils: audio_extn_btsco_get_sample_rate:Not a BT SCO device, need not update sampling rate
12-29 11:06:57.138 686 17317 I audio_hw_utils: send_app_type_cfg_for_device PLAYBACK app_type 69936, acdb_dev_id 10011, sample_rate 48000, snd_device_be_idx 39
12-29 11:06:57.139 686 17317 D msm8974_platform: platform_split_snd_device: snd_device(2) num devices(1) new_snd_devices(0)
12-29 11:06:57.139 686 17317 I ACDB-LOADER: ACDB -> send_audio_cal, acdb_id = 10011, path = 0, app id = 0x11130, sample rate = 48000
12-29 11:06:57.139 686 17317 D : Failed to fetch the lookup information of the device 0000271B
12-29 11:06:57.139 686 17317 E ACDB-LOADER: Error: ACDB AudProc vol returned = -19
12-29 11:06:57.139 686 17317 I ACDB-LOADER: ACDB -> GET_AFE_TOPOLOGY_ID for adcd_id 10011, Topology Id 112fc
12-29 11:06:57.139 686 17317 D : Failed to fetch the lookup information of the device 0000271B
12-29 11:06:57.139 686 17317 E ACDB-LOADER: Error: ACDB_CMD_GET_AFE_COMMON_TABLE_SIZE Returned = -19
12-29 11:06:57.139 686 17317 D : Failed to fetch the lookup information of the device 0000271B
12-29 11:06:57.139 686 17317 E ACDB-LOADER: Error: ACDB AFE returned = -19
12-29 11:06:57.139 686 17317 D audio_hw_primary: enable_audio_route: apply mixer and update path: deep-buffer-playback speaker
12-29 11:06:57.139 686 17317 D audio_route: Apply path: deep-buffer-playback speaker
12-29 11:06:57.141 686 14645 V qcbassboost:
12-29 11:06:57.141 686 14645 V qcbassboost: EffectCreate start session 22465
12-29 11:06:57.141 686 14645 I qcbassboost: EffectCreate: Allocating SessionNo 1 for SessionId 22465
12-29 11:06:57.141 686 14645 V qcbassboost:
12-29 11:06:57.141 686 14645 V qcbassboost: EffectCreate created ctxt 0xf4c71000 for session 22465
12-29 11:06:57.141 686 14645 D offload_effect_pbe: pbe_load_config pbe_app_type = 0x00011134
12-29 11:06:57.141 686 14645 D offload_effect_pbe: pbe_load_config ret = 0, len = 176
12-29 11:06:57.141 686 14645 V qcbassboost: Effect_command: ctxt 0xf4c71000, cmd 0
12-29 11:06:57.141 686 14645 V qcbassboost: BassBoost_init start
12-29 11:06:57.141 686 14645 V qcbassboost: BassBoost_init start, ctxt 0xf4c71000
12-29 11:06:57.141 686 14645 V qcbassboost: pbe_init start
12-29 11:06:57.141 686 14645 E qcbassboost: ERROR: invalid sample rate
12-29 11:06:57.141 686 14645 D offload_effect_pbe: pbe_load_config pbe_app_type = 0x00011134
12-29 11:06:57.141 686 14645 D offload_effect_pbe: pbe_load_config ret = 0, len = 176
12-29 11:06:57.141 686 14645 V qcbassboost: Effect_command: ctxt 0xf4c71000, cmd 1
12-29 11:06:57.141 686 14645 V qcbassboost: BassBoost_setConfig: ctxt 0xf4c71000
12-29 11:06:57.142 686 14645 E qcbassboost: [vendor/qcom/proprietary/mm-audio-noship/audio-effects/safx/android-adapter/qcbassboost/qcbassboost.c:536] Assertion fail: pConfig->inputCfg.format == AUDIO_FORMAT_PCM_16_BIT
12-29 11:06:57.142 686 14645 W EffectHAL: Effect 0xf385cfb0 command SET_CONFIG returned status: Invalid argument
12-29 11:06:57.142 686 14645 V qcbassboost: Effect_command: ctxt 0xf4c71000, cmd 1
12-29 11:06:57.142 686 14645 V qcbassboost: BassBoost_setConfig: ctxt 0xf4c71000
12-29 11:06:57.142 686 14645 V qcbassboost: BassBoost_init start
12-29 11:06:57.142 686 14645 V qcbassboost: BassBoost_init start, ctxt 0xf4c71000
12-29 11:06:57.142 686 14645 V qcbassboost: pbe_init start
12-29 11:06:57.142 686 14645 D pbecalconfig: pbe_load_acdb_params pbe_app_type = 0x00011134
12-29 11:06:57.142 686 14645 D pbecalconfig: pbe_load_acdb_params ret = 0, len = 176
12-29 11:06:57.142 686 17317 D audio_hw_primary: select_devices: done
12-29 11:06:57.143 682 682 W AshmemAllocator: ashmem_create_region(15360) returning hidl_memory(0x7c8542c100, 15360)
12-29 11:06:57.144 682 682 W AshmemAllocator: ashmem_create_region(15360) returning hidl_memory(0x7c8542c100, 15360)
12-29 11:06:57.145 686 14645 V qcbassboost: Effect_command: ctxt 0xf4c71000, cmd 9
12-29 11:06:57.145 686 14645 V qcbassboost: EFFECT_CMD_SET_DEVICEi(2) enable BASS_PBE
12-29 11:06:57.145 686 14645 I offload_effect_bb: bassboost_set_device: ctxt 0xf4009298, disabled based on device
12-29 11:06:57.145 686 14645 V qcbassboost: Effect_command: ctxt 0xf4c71000, cmd 8
12-29 11:06:57.145 686 14645 V qcbassboost: BassBoost_getParameter(): ctxt 0xf4c71000, param 0,
12-29 11:06:57.146 686 14645 V qcvirt :
12-29 11:06:57.146 686 14645 V qcvirt : EffectCreate start session 22465
12-29 11:06:57.146 686 14645 I qcvirt : EffectCreate: Allocating SessionNo 1 for SessionId 22465
12-29 11:06:57.146 686 14645 V qcvirt :
12-29 11:06:57.146 686 14645 V qcvirt : EffectCreate created ctxt 0xf4c71080 for session 22465
12-29 11:06:57.146 686 14645 V qcvirt : Effect_command, ctxt 0xf4c71080, cmd 0
12-29 11:06:57.146 686 14645 V qcvirt : Virtualizer_init start ctxt 0xf4c71080
12-29 11:06:57.146 686 14645 V qcvirt : Effect_command, ctxt 0xf4c71080, cmd 1
12-29 11:06:57.146 686 14645 V qcvirt : Virtualizer_setConfig, ctxt 0xf4c71080
12-29 11:06:57.146 686 14645 E qcvirt : [vendor/qcom/proprietary/mm-audio-noship/audio-effects/safx/android-adapter/qcvirt/qcvirt.c:585] Assertion fail: pConfig->inputCfg.format == AUDIO_FORMAT_PCM_16_BIT
12-29 11:06:57.146 686 14645 W EffectHAL: Effect 0xf383cfb0 command SET_CONFIG returned status: Invalid argument
12-29 11:06:57.146 686 14645 V qcvirt : Effect_command, ctxt 0xf4c71080, cmd 1
12-29 11:06:57.146 686 14645 V qcvirt : Virtualizer_setConfig, ctxt 0xf4c71080
12-29 11:06:57.146 686 14645 V qcvirt : Virtualizer_init start ctxt 0xf4c71080
12-29 11:06:57.147 682 682 W AshmemAllocator: ashmem_create_region(15360) returning hidl_memory(0x7c8542c100, 15360)
12-29 11:06:57.148 682 682 W AshmemAllocator: ashmem_create_region(15360) returning hidl_memory(0x7c8542c100, 15360)
12-29 11:06:57.148 686 14645 V qcvirt : Effect_command, ctxt 0xf4c71080, cmd 9
12-29 11:06:57.148 686 14645 I qcvirt : EFFECT_CMD_SET_DEVICE device(0x2) is invalid for VIRTUALIZER
12-29 11:06:57.148 686 14645 I offload_effect_virtualizer: virtualizer_set_device: ctxt 0xf4c4fee0, disabled based on device
12-29 11:06:57.149 686 14645 V qcvirt : Effect_command, ctxt 0xf4c71080, cmd 8
12-29 11:06:57.149 686 14645 V qcvirt : Virtualizer_getParameter, ctxt 0xf4c71080, param 0
12-29 11:06:57.149 686 14645 V qcreverb:
12-29 11:06:57.149 686 14645 V qcreverb: EffectCreate start session 22465
12-29 11:06:57.150 686 14645 V qcreverb: EffectCreate - UUID matched Reverb type 3, UUID = b08a0e38
12-29 11:06:57.150 686 14645 V qcreverb: EffectCreate - PRESET
12-29 11:06:57.150 686 14645 V qcreverb: EffectCreate - INS
12-29 11:06:57.150 686 14645 V qcreverb:
12-29 11:06:57.150 686 14645 V qcreverb: EffectCreate created ctxt 0xf4c71100 for session 22465
12-29 11:06:57.150 686 14645 V qcreverb: Effect_command, ctxt 0xf4c71100, cmd 0
12-29 11:06:57.150 686 14645 V qcreverb: Reverb_init start, ctxt 0xf4c71100
12-29 11:06:57.150 686 14645 V qcreverb: Effect_command, ctxt 0xf4c71100, cmd 1
12-29 11:06:57.150 686 14645 V qcreverb: Reverb_setConfig, ctxt 0xf4c71100
12-29 11:06:57.150 686 14645 E qcreverb: [vendor/qcom/proprietary/mm-audio-noship/audio-effects/safx/android-adapter/qcreverb/qcreverb.c:474] Assertion fail: pConfig->inputCfg.format == AUDIO_FORMAT_PCM_16_BIT
12-29 11:06:57.150 686 14645 W EffectHAL: Effect 0xf385de70 command SET_CONFIG returned status: Invalid argument
12-29 11:06:57.150 686 14645 V qcreverb: Effect_command, ctxt 0xf4c71100, cmd 1
12-29 11:06:57.150 686 14645 V qcreverb: Reverb_setConfig, ctxt 0xf4c71100
12-29 11:06:57.150 686 14645 V qcreverb: Reverb_init start, ctxt 0xf4c71100
12-29 11:06:57.152 682 682 W AshmemAllocator: ashmem_create_region(15360) returning hidl_memory(0x7c8542c100, 15360)
12-29 11:06:57.154 682 682 W AshmemAllocator: ashmem_create_region(15360) returning hidl_memory(0x7c8542c100, 15360)
12-29 11:06:57.154 686 14645 V qcbassboost: Effect_command: ctxt 0xf4c71000, cmd 5
12-29 11:06:57.154 686 14645 V qcbassboost: BassBoost_setParameter(): ctxt 0xf4c71000, param 1, value: 0
12-29 11:06:57.154 686 14645 V qcbassboost: BassBoost_setParameter() BASSBOOST_PARAM_STRENGTH value is 0
12-29 11:06:57.154 686 14645 D qcbassboost: BassBoost_setParameter ignore set strength
12-29 11:06:57.154 686 14645 D offload_effect_bass: bass_set_parameter ignore set strength, index 1
12-29 11:06:57.154 686 1193 V qcreverb: Effect_command, ctxt 0xf4c71100, cmd 5
12-29 11:06:57.154 686 1193 V qcreverb: Reverb_setParameter: ctxt 0xf4c71100, param: 0, value: 0
12-29 11:06:57.154 686 1193 V qcreverb: Reverb_updateCfg, ctxt 0xf4c71100
12-29 11:06:57.155 686 1193 V qcvirt : Effect_command, ctxt 0xf4c71080, cmd 5
12-29 11:06:57.155 686 1193 V qcvirt : Virtualizer_setParameter: ctxt 0xf4c71080, param: 1, value: 0
12-29 11:06:57.155 686 1193 V qcvirt : Virtualizer_setParameter() VIRTUALIZER_PARAM_STRENGTH value is 0
12-29 11:06:57.169 686 17317 D msm8974_platform: platform_set_channel_map mixer_ctl_name:Playback Channel Map0
12-29 11:06:57.170 686 17317 D msm8974_platform: platform_set_channel_map: set mapping(1 2 0 0 0 0 0 0) for channel:2
12-29 11:06:57.170 686 17317 D audio_hw_primary: start_output_stream: exit
12-29 11:06:57.170 686 17317 D audio_hw_primary: out_write: retry previous failed cal level set
12-29 11:06:57.170 686 17317 D msm8974_platform: platform_split_snd_device: snd_device(2) num devices(1) new_snd_devices(0)
12-29 11:06:57.170 686 17317 D : Failed to fetch the lookup information of the device 0000271B
12-29 11:06:57.170 686 17317 E ACDB-LOADER: Error: ACDB AudProc vol returned = -19
12-29 11:06:57.173 686 14645 D msm8974_platform: platform_split_snd_device: snd_device(2) num devices(1) new_snd_devices(0)
12-29 11:06:57.260 759 1247 D AudioFlinger: mixer(0xede03980) throttle end: throttle time(48)
12-29 11:06:57.600 27686 27729 W Unity : OnLevelWasLoaded was found on InjectionDetector
12-29 11:06:57.600 27686 27729 W Unity : This message has been deprecated and will be removed in a later version of Unity.
12-29 11:06:57.600 27686 27729 W Unity : Add a delegate to SceneManager.sceneLoaded instead to get notifications after scene loading has completed
12-29 11:06:57.600 27686 27729 W Unity :
12-29 11:06:57.600 27686 27729 W Unity : (Filename: Line: 356)
12-29 11:06:57.600 27686 27729 W Unity :
12-29 11:06:57.649 27686 27729 W Unity : OnLevelWasLoaded was found on ObscuredCheatingDetector
12-29 11:06:57.649 27686 27729 W Unity : This message has been deprecated and will be removed in a later version of Unity.
12-29 11:06:57.649 27686 27729 W Unity : Add a delegate to SceneManager.sceneLoaded instead to get notifications after scene loading has completed
12-29 11:06:57.649 27686 27729 W Unity :
12-29 11:06:57.649 27686 27729 W Unity : (Filename: Line: 356)
12-29 11:06:57.649 27686 27729 W Unity :
12-29 11:06:57.665 27686 27729 W Unity : OnLevelWasLoaded was found on SpeedHackDetector
12-29 11:06:57.665 27686 27729 W Unity : This message has been deprecated and will be removed in a later version of Unity.
12-29 11:06:57.665 27686 27729 W Unity : Add a delegate to SceneManager.sceneLoaded instead to get notifications after scene loading has completed
12-29 11:06:57.665 27686 27729 W Unity :
12-29 11:06:57.665 27686 27729 W Unity : (Filename: Line: 356)
12-29 11:06:57.665 27686 27729 W Unity :
12-29 11:06:57.666 27686 27729 W Unity : OnLevelWasLoaded was found on WallHackDetector
12-29 11:06:57.666 27686 27729 W Unity : This message has been deprecated and will be removed in a later version of Unity.
12-29 11:06:57.666 27686 27729 W Unity : Add a delegate to SceneManager.sceneLoaded instead to get notifications after scene loading has completed
12-29 11:06:57.666 27686 27729 W Unity :
12-29 11:06:57.666 27686 27729 W Unity : (Filename: Line: 356)
12-29 11:06:57.666 27686 27729 W Unity :
12-29 11:06:57.694 702 702 I sensors-hal: batch:129, android.sensor.accelerometer/17, period=200000000, max_latency=0
12-29 11:06:57.694 702 702 I sensors-hal: batch:138, android.sensor.accelerometer/17, period=200000000, max_latency=0 request completed
12-29 11:06:57.694 702 702 I sensors-hal: activate:96, android.sensor.accelerometer/17 en=1
12-29 11:06:57.698 702 702 I sensors-hal: activate:107, android.sensor.accelerometer/17 en=1 completed
12-29 11:06:57.699 702 702 I sensors-hal: batch:129, android.sensor.accelerometer/17, period=20000000, max_latency=0
12-29 11:06:57.702 702 702 I sensors-hal: batch:138, android.sensor.accelerometer/17, period=20000000, max_latency=0 request completed
12-29 11:06:57.713 27686 27729 V MediaRouter: Adding route: RouteInfo{ name=Telefon, description=null, status=null, category=RouteCategory{ name=System types=ROUTE_TYPE_LIVE_AUDIO ROUTE_TYPE_LIVE_VIDEO groupable=false }, supportedTypes=ROUTE_TYPE_LIVE_AUDIO ROUTE_TYPE_LIVE_VIDEO , presentationDisplay=null }
12-29 11:06:57.716 27686 27729 V MediaRouter: Selecting route: RouteInfo{ name=Telefon, description=null, status=null, category=RouteCategory{ name=System types=ROUTE_TYPE_LIVE_AUDIO ROUTE_TYPE_LIVE_VIDEO groupable=false }, supportedTypes=ROUTE_TYPE_LIVE_AUDIO ROUTE_TYPE_LIVE_VIDEO , presentationDisplay=null }
12-29 11:06:58.027 27686 27768 W Unity : The referenced script (RewardsAppPanel) on this Behaviour is missing!
12-29 11:06:58.027 27686 27768 W Unity :
12-29 11:06:58.027 27686 27768 W Unity : (Filename: Line: 195)
12-29 11:06:58.027 27686 27768 W Unity :
12-29 11:06:58.079 27686 27768 W Unity : The referenced script on this Behaviour (Game Object 'Overlay_Rewards-App') is missing!
12-29 11:06:58.079 27686 27768 W Unity :
12-29 11:06:58.079 27686 27768 W Unity : (Filename: Line: 294)
12-29 11:06:58.079 27686 27768 W Unity :
12-29 11:06:58.125 27686 27768 W Unity : The referenced script on this Behaviour (Game Object 'PBGameCenterManager') is missing!
12-29 11:06:58.125 27686 27768 W Unity :
12-29 11:06:58.125 27686 27768 W Unity : (Filename: Line: 294)
12-29 11:06:58.125 27686 27768 W Unity :
12-29 11:06:58.191 27686 27729 E Unity : The Vuforia Developer Agreement needs to be accepted before using Vuforia in an application.
12-29 11:06:58.191 27686 27729 E Unity :
12-29 11:06:58.191 27686 27729 E Unity : (Filename: ./Runtime/Export/Debug.bindings.h Line: 45)
12-29 11:06:58.191 27686 27729 E Unity :
12-29 11:06:58.192 27686 27729 I Unity : Disabling Logging. This is the last one, I swear.
12-29 11:06:58.192 27686 27729 I Unity : Except Warnings.
12-29 11:06:58.192 27686 27729 I Unity :
12-29 11:06:58.192 27686 27729 I Unity : And Errors.
12-29 11:06:58.192 27686 27729 I Unity :
12-29 11:06:58.192 27686 27729 I Unity : Oh, and Exceptions.
12-29 11:06:58.192 27686 27729 I Unity : DisableLogging:DisableLogs()
12-29 11:06:58.192 27686 27729 I Unity :
12-29 11:06:58.192 27686 27729 I Unity : (Filename: ./Runtime/Export/Debug.bindings.h Line: 45)
12-29 11:06:58.192 27686 27729 I Unity :
12-29 11:06:58.197 27686 27729 W Unity : DontDestroyOnLoad only work for root GameObjects or components on root GameObjects.
12-29 11:06:58.197 27686 27729 W Unity : LegoRoot:Awake()
12-29 11:06:58.197 27686 27729 W Unity :
12-29 11:06:58.197 27686 27729 W Unity : [ line 543]
12-29 11:06:58.197 27686 27729 W Unity : (Filename: Line: 543)
12-29 11:06:58.197 27686 27729 W Unity :
12-29 11:06:58.213 27686 27729 E Unity : NullReferenceException: Object reference not set to an instance of an object.
12-29 11:06:58.213 27686 27729 E Unity : at LEGO.Core.Configuration.ConfigurationManager.LoadBundledConfig (LEGO.Core.ConfigurationSettings settings) [0x00000] in <00000000000000000000000000000000>:0
12-29 11:06:58.213 27686 27729 E Unity : at LEGO.Core.Configuration.ConfigurationManager.LoadAppConfig () [0x00000] in <00000000000000000000000000000000>:0
12-29 11:06:58.213 27686 27729 E Unity : at LEGO.Core.Configuration.ConfigurationManager.LoadDefaultConfigs () [0x00000] in <00000000000000000000000000000000>:0
12-29 11:06:58.213 27686 27729 E Unity : at LegoRoot.Init () [0x00000] in <00000000000000000000000000000000>:0
12-29 11:06:58.213 27686 27729 E Unity :
12-29 11:06:58.213 27686 27729 E Unity : (Filename: currently not available on il2cpp Line: -1)
12-29 11:06:58.213 27686 27729 E Unity :
12-29 11:06:58.214 27686 27729 D Crashlytics: Registering exception handlers
12-29 11:06:58.220 27686 27729 D Crashlytics: Recording exception: NullReferenceException: Object reference not set to an instance of an object.
12-29 11:06:58.220 27686 27729 D Crashlytics: Exception stack trace: TMPro.TMP_Settings.get_warningsDisabled () (at <00000000000000000000000000000000>:0)
12-29 11:06:58.220 27686 27729 D Crashlytics: TMPro.TMP_Text.GetSpecialCharacters (TMPro.TMP_FontAsset fontAsset) (at <00000000000000000000000000000000>:0)
12-29 11:06:58.220 27686 27729 D Crashlytics: TMPro.TextMeshProUGUI.LoadFontAsset () (at <00000000000000000000000000000000>:0)
12-29 11:06:58.220 27686 27729 D Crashlytics: TMPro.TextMeshProUGUI.Awake () (at <00000000000000000000000000000000>:0)
12-29 11:06:58.225 27686 27729 E Unity : NullReferenceException: Object reference not set to an instance of an object.
12-29 11:06:58.225 27686 27729 E Unity : at TMPro.TMP_Settings.get_warningsDisabled () [0x00000] in <00000000000000000000000000000000>:0
12-29 11:06:58.225 27686 27729 E Unity : at TMPro.TMP_Text.GetSpecialCharacters (TMPro.TMP_FontAsset fontAsset) [0x00000] in <00000000000000000000000000000000>:0
12-29 11:06:58.225 27686 27729 E Unity : at TMPro.TextMeshProUGUI.LoadFontAsset () [0x00000] in <00000000000000000000000000000000>:0
12-29 11:06:58.225 27686 27729 E Unity : at TMPro.TextMeshProUGUI.Awake () [0x00000] in <00000000000000000000000000000000>:0
12-29 11:06:58.225 27686 27729 E Unity :
12-29 11:06:58.225 27686 27729 E Unity : (Filename: currently not available on il2cpp Line: -1)
12-29 11:06:58.225 27686 27729 E Unity :
12-29 11:06:58.228 27686 27729 D Crashlytics: Recording exception: NullReferenceException: Object reference not set to an instance of an object.
12-29 11:06:58.228 27686 27729 D Crashlytics: Exception stack trace: TMPro.TMP_Settings.get_warningsDisabled () (at <00000000000000000000000000000000>:0)
12-29 11:06:58.228 27686 27729 D Crashlytics: TMPro.TMP_Text.GetSpecialCharacters (TMPro.TMP_FontAsset fontAsset) (at <00000000000000000000000000000000>:0)
12-29 11:06:58.228 27686 27729 D Crashlytics: TMPro.TextMeshProUGUI.LoadFontAsset () (at <00000000000000000000000000000000>:0)
12-29 11:06:58.228 27686 27729 D Crashlytics: TMPro.TextMeshProUGUI.Awake () (at <00000000000000000000000000000000>:0)
12-29 11:06:58.229 27686 27729 E Unity : NullReferenceException: Object reference not set to an instance of an object.
12-29 11:06:58.229 27686 27729 E Unity : at TMPro.TMP_Settings.get_warningsDisabled () [0x00000] in <00000000000000000000000000000000>:0
12-29 11:06:58.229 27686 27729 E Unity : at TMPro.TMP_Text.GetSpecialCharacters (TMPro.TMP_FontAsset fontAsset) [0x00000] in <00000000000000000000000000000000>:0
12-29 11:06:58.229 27686 27729 E Unity : at TMPro.TextMeshProUGUI.LoadFontAsset () [0x00000] in <00000000000000000000000000000000>:0
12-29 11:06:58.229 27686 27729 E Unity : at TMPro.TextMeshProUGUI.Awake () [0x00000] in <00000000000000000000000000000000>:0
12-29 11:06:58.229 27686 27729 E Unity :
12-29 11:06:58.229 27686 27729 E Unity : (Filename: currently not available on il2cpp Line: -1)
12-29 11:06:58.229 27686 27729 E Unity :
12-29 11:06:58.232 27686 27729 D Crashlytics: Recording exception: NullReferenceException: Object reference not set to an instance of an object.
12-29 11:06:58.232 27686 27729 D Crashlytics: Exception stack trace: TMPro.TMP_Settings.get_warningsDisabled () (at <00000000000000000000000000000000>:0)
12-29 11:06:58.232 27686 27729 D Crashlytics: TMPro.TMP_Text.GetSpecialCharacters (TMPro.TMP_FontAsset fontAsset) (at <00000000000000000000000000000000>:0)
12-29 11:06:58.232 27686 27729 D Crashlytics: TMPro.TextMeshProUGUI.LoadFontAsset () (at <00000000000000000000000000000000>:0)
12-29 11:06:58.232 27686 27729 D Crashlytics: TMPro.TextMeshProUGUI.Awake () (at <00000000000000000000000000000000>:0)
12-29 11:06:58.233 27686 27729 E Unity : NullReferenceException: Object reference not set to an instance of an object.
12-29 11:06:58.233 27686 27729 E Unity : at TMPro.TMP_Settings.get_warningsDisabled () [0x00000] in <00000000000000000000000000000000>:0
12-29 11:06:58.233 27686 27729 E Unity : at TMPro.TMP_Text.GetSpecialCharacters (TMPro.TMP_FontAsset fontAsset) [0x00000] in <00000000000000000000000000000000>:0
12-29 11:06:58.233 27686 27729 E Unity : at TMPro.TextMeshProUGUI.LoadFontAsset () [0x00000] in <00000000000000000000000000000000>:0
12-29 11:06:58.233 27686 27729 E Unity : at TMPro.TextMeshProUGUI.Awake () [0x00000] in <00000000000000000000000000000000>:0
12-29 11:06:58.233 27686 27729 E Unity :
12-29 11:06:58.233 27686 27729 E Unity : (Filename: currently not available on il2cpp Line: -1)
12-29 11:06:58.233 27686 27729 E Unity :
12-29 11:06:58.236 27686 27729 D Crashlytics: Recording exception: NullReferenceException: Object reference not set to an instance of an object.
12-29 11:06:58.236 27686 27729 D Crashlytics: Exception stack trace: TMPro.TMP_Settings.get_warningsDisabled () (at <00000000000000000000000000000000>:0)
12-29 11:06:58.236 27686 27729 D Crashlytics: TMPro.TMP_Text.GetSpecialCharacters (TMPro.TMP_FontAsset fontAsset) (at <00000000000000000000000000000000>:0)
12-29 11:06:58.236 27686 27729 D Crashlytics: TMPro.TextMeshProUGUI.LoadFontAsset () (at <00000000000000000000000000000000>:0)
12-29 11:06:58.236 27686 27729 D Crashlytics: TMPro.TextMeshProUGUI.Awake () (at <00000000000000000000000000000000>:0)
12-29 11:06:58.238 27686 27729 E Unity : NullReferenceException: Object reference not set to an instance of an object.
12-29 11:06:58.238 27686 27729 E Unity : at TMPro.TMP_Settings.get_warningsDisabled () [0x00000] in <00000000000000000000000000000000>:0
12-29 11:06:58.238 27686 27729 E Unity : at TMPro.TMP_Text.GetSpecialCharacters (TMPro.TMP_FontAsset fontAsset) [0x00000] in <00000000000000000000000000000000>:0
12-29 11:06:58.238 27686 27729 E Unity : at TMPro.TextMeshProUGUI.LoadFontAsset () [0x00000] in <00000000000000000000000000000000>:0
12-29 11:06:58.238 27686 27729 E Unity : at TMPro.TextMeshProUGUI.Awake () [0x00000] in <00000000000000000000000000000000>:0
12-29 11:06:58.238 27686 27729 E Unity :
12-29 11:06:58.238 27686 27729 E Unity : (Filename: currently not available on il2cpp Line: -1)
12-29 11:06:58.238 27686 27729 E Unity :
12-29 11:06:58.241 27686 27729 D Crashlytics: Recording exception: NullReferenceException: Object reference not set to an instance of an object.
12-29 11:06:58.241 27686 27729 D Crashlytics: Exception stack trace: TMPro.TMP_Settings.get_warningsDisabled () (at <00000000000000000000000000000000>:0)
12-29 11:06:58.241 27686 27729 D Crashlytics: TMPro.TMP_Text.GetSpecialCharacters (TMPro.TMP_FontAsset fontAsset) (at <00000000000000000000000000000000>:0)
12-29 11:06:58.241 27686 27729 D Crashlytics: TMPro.TextMeshProUGUI.LoadFontAsset () (at <00000000000000000000000000000000>:0)
12-29 11:06:58.241 27686 27729 D Crashlytics: TMPro.TextMeshProUGUI.Awake () (at <00000000000000000000000000000000>:0)
12-29 11:06:58.242 27686 27729 E Unity : NullReferenceException: Object reference not set to an instance of an object.
12-29 11:06:58.242 27686 27729 E Unity : at TMPro.TMP_Settings.get_warningsDisabled () [0x00000] in <00000000000000000000000000000000>:0
12-29 11:06:58.242 27686 27729 E Unity : at TMPro.TMP_Text.GetSpecialCharacters (TMPro.TMP_FontAsset fontAsset) [0x00000] in <00000000000000000000000000000000>:0
12-29 11:06:58.242 27686 27729 E Unity : at TMPro.TextMeshProUGUI.LoadFontAsset () [0x00000] in <00000000000000000000000000000000>:0
12-29 11:06:58.242 27686 27729 E Unity : at TMPro.TextMeshProUGUI.Awake () [0x00000] in <00000000000000000000000000000000>:0
12-29 11:06:58.242 27686 27729 E Unity :
12-29 11:06:58.242 27686 27729 E Unity : (Filename: currently not available on il2cpp Line: -1)
12-29 11:06:58.242 27686 27729 E Unity :
12-29 11:06:58.245 27686 27729 D Crashlytics: Recording exception: NullReferenceException: Object reference not set to an instance of an object.
12-29 11:06:58.245 27686 27729 D Crashlytics: Exception stack trace: TMPro.TMP_Settings.get_warningsDisabled () (at <00000000000000000000000000000000>:0)
12-29 11:06:58.245 27686 27729 D Crashlytics: TMPro.TMP_Text.GetSpecialCharacters (TMPro.TMP_FontAsset fontAsset) (at <00000000000000000000000000000000>:0)
12-29 11:06:58.245 27686 27729 D Crashlytics: TMPro.TextMeshProUGUI.LoadFontAsset () (at <00000000000000000000000000000000>:0)
12-29 11:06:58.245 27686 27729 D Crashlytics: TMPro.TextMeshProUGUI.Awake () (at <00000000000000000000000000000000>:0)
12-29 11:06:58.246 27686 27729 E Unity : NullReferenceException: Object reference not set to an instance of an object.
12-29 11:06:58.246 27686 27729 E Unity : at TMPro.TMP_Settings.get_warningsDisabled () [0x00000] in <00000000000000000000000000000000>:0
12-29 11:06:58.246 27686 27729 E Unity : at TMPro.TMP_Text.GetSpecialCharacters (TMPro.TMP_FontAsset fontAsset) [0x00000] in <00000000000000000000000000000000>:0
12-29 11:06:58.246 27686 27729 E Unity : at TMPro.TextMeshProUGUI.LoadFontAsset () [0x00000] in <00000000000000000000000000000000>:0
12-29 11:06:58.246 27686 27729 E Unity : at TMPro.TextMeshProUGUI.Awake () [0x00000] in <00000000000000000000000000000000>:0
12-29 11:06:58.246 27686 27729 E Unity :
12-29 11:06:58.246 27686 27729 E Unity : (Filename: currently not available on il2cpp Line: -1)
12-29 11:06:58.246 27686 27729 E Unity :
12-29 11:06:58.249 27686 27729 D Crashlytics: Recording exception: NullReferenceException: Object reference not set to an instance of an object.
12-29 11:06:58.249 27686 27729 D Crashlytics: Exception stack trace: TMPro.TMP_Settings.get_warningsDisabled () (at <00000000000000000000000000000000>:0)
12-29 11:06:58.249 27686 27729 D Crashlytics: TMPro.TMP_Text.GetSpecialCharacters (TMPro.TMP_FontAsset fontAsset) (at <00000000000000000000000000000000>:0)
12-29 11:06:58.249 27686 27729 D Crashlytics: TMPro.TextMeshProUGUI.LoadFontAsset () (at <00000000000000000000000000000000>:0)
12-29 11:06:58.249 27686 27729 D Crashlytics: TMPro.TextMeshProUGUI.Awake () (at <00000000000000000000000000000000>:0)
12-29 11:06:58.251 27686 27729 E Unity : NullReferenceException: Object reference not set to an instance of an object.
12-29 11:06:58.251 27686 27729 E Unity : at TMPro.TMP_Settings.get_warningsDisabled () [0x00000] in <00000000000000000000000000000000>:0
12-29 11:06:58.251 27686 27729 E Unity : at TMPro.TMP_Text.GetSpecialCharacters (TMPro.TMP_FontAsset fontAsset) [0x00000] in <00000000000000000000000000000000>:0
12-29 11:06:58.251 27686 27729 E Unity : at TMPro.TextMeshProUGUI.LoadFontAsset () [0x00000] in <00000000000000000000000000000000>:0
12-29 11:06:58.251 27686 27729 E Unity : at TMPro.TextMeshProUGUI.Awake () [0x00000] in <00000000000000000000000000000000>:0
12-29 11:06:58.251 27686 27729 E Unity :
12-29 11:06:58.251 27686 27729 E Unity : (Filename: currently not available on il2cpp Line: -1)
12-29 11:06:58.251 27686 27729 E Unity :
12-29 11:06:58.280 27686 27729 D Crashlytics: Recording exception: NullReferenceException: Object reference not set to an instance of an object.
12-29 11:06:58.280 27686 27729 D Crashlytics: Exception stack trace: Photon.Pun.PhotonNetwork..cctor () (at <00000000000000000000000000000000>:0)
12-29 11:06:58.280 27686 27729 D Crashlytics: Photon.Pun.MonoBehaviourPunCallbacks.OnEnable () (at <00000000000000000000000000000000>:0)
12-29 11:06:58.280 27686 27729 D Crashlytics: Rethrow as TypeInitializationException: The type initializer for 'Photon.Pun.PhotonNetwork' threw an exception.
12-29 11:06:58.280 27686 27729 D Crashlytics: Photon.Pun.MonoBehaviourPunCallbacks.OnEnable () (at <00000000000000000000000000000000>:0)
12-29 11:06:58.282 27686 27729 E Unity : NullReferenceException: Object reference not set to an instance of an object.
12-29 11:06:58.282 27686 27729 E Unity : at Photon.Pun.PhotonNetwork..cctor () [0x00000] in <00000000000000000000000000000000>:0
12-29 11:06:58.282 27686 27729 E Unity : at Photon.Pun.MonoBehaviourPunCallbacks.OnEnable () [0x00000] in <00000000000000000000000000000000>:0
12-29 11:06:58.282 27686 27729 E Unity : Rethrow as TypeInitializationException: The type initializer for 'Photon.Pun.PhotonNetwork' threw an exception.
12-29 11:06:58.282 27686 27729 E Unity : at Photon.Pun.MonoBehaviourPunCallbacks.OnEnable () [0x00000] in <00000000000000000000000000000000>:0
12-29 11:06:58.282 27686 27729 E Unity :
12-29 11:06:58.282 27686 27729 E Unity : (Filename: currently not available on il2cpp Line: -1)
12-29 11:06:58.282 27686 27729 E Unity :
12-29 11:06:58.523 27686 27729 W Unity : DontDestroyOnLoad only work for root GameObjects or components on root GameObjects.
12-29 11:06:58.523 27686 27729 W Unity :
12-29 11:06:58.523 27686 27729 W Unity : (Filename: Line: 543)
12-29 11:06:58.523 27686 27729 W Unity :
12-29 11:06:58.532 27686 27729 W Unity : scene name: ConnectingScene loading mode: 2
12-29 11:06:58.532 27686 27729 W Unity : AndroidBackManager:OnSceneLoaded(Scene, LoadSceneMode)
12-29 11:06:58.532 27686 27729 W Unity :
12-29 11:06:58.532 27686 27729 W Unity : (Filename: ./Runtime/Export/Debug.bindings.h Line: 45)
12-29 11:06:58.532 27686 27729 W Unity :
12-29 11:06:58.552 1301 1360 W SensorService: sensor 00000011 already enabled in connection 0x7938aea800 (ignoring)
12-29 11:06:58.552 702 1600 I sensors-hal: batch:129, android.sensor.accelerometer/17, period=200000000, max_latency=0
12-29 11:06:58.554 702 1600 I sensors-hal: batch:138, android.sensor.accelerometer/17, period=200000000, max_latency=0 request completed
12-29 11:06:58.554 702 1600 I sensors-hal: activate:96, android.sensor.accelerometer/17 en=1
12-29 11:06:58.554 702 1600 I sensors-hal: activate:107, android.sensor.accelerometer/17 en=1 completed
12-29 11:06:58.555 702 1600 I sensors-hal: batch:129, android.sensor.accelerometer/17, period=20000000, max_latency=0
12-29 11:06:58.562 702 1600 I sensors-hal: batch:138, android.sensor.accelerometer/17, period=20000000, max_latency=0 request completed
12-29 11:06:58.581 27686 27729 D Crashlytics: Recording exception: OverflowException: Value was either too large or too small for a character.
12-29 11:06:58.581 27686 27729 D Crashlytics: Exception stack trace: System.Convert.ToChar (System.Int32 value) (at <00000000000000000000000000000000>:0)
12-29 11:06:58.581 27686 27729 D Crashlytics: MiniJSON.Json+Parser.EatWhitespace () (at <00000000000000000000000000000000>:0)
12-29 11:06:58.581 27686 27729 D Crashlytics: MiniJSON.Json+Parser.get_NextToken () (at <00000000000000000000000000000000>:0)
12-29 11:06:58.581 27686 27729 D Crashlytics: MiniJSON.Json+Parser.Parse (System.String jsonString) (at <00000000000000000000000000000000>:0)
12-29 11:06:58.581 27686 27729 D Crashlytics: KFFCore.SQSettings.Init () (at <00000000000000000000000000000000>:0)
12-29 11:06:58.581 27686 27729 D Crashlytics: SecureSpace.SessionManager.Start () (at <00000000000000000000000000000000>:0)
12-29 11:06:58.583 27686 27729 E Unity : OverflowException: Value was either too large or too small for a character.
12-29 11:06:58.583 27686 27729 E Unity : at System.Convert.ToChar (System.Int32 value) [0x00000] in <00000000000000000000000000000000>:0
12-29 11:06:58.583 27686 27729 E Unity : at MiniJSON.Json+Parser.EatWhitespace () [0x00000] in <00000000000000000000000000000000>:0
12-29 11:06:58.583 27686 27729 E Unity : at MiniJSON.Json+Parser.get_NextToken () [0x00000] in <00000000000000000000000000000000>:0
12-29 11:06:58.583 27686 27729 E Unity : at MiniJSON.Json+Parser.Parse (System.String jsonString) [0x00000] in <00000000000000000000000000000000>:0
12-29 11:06:58.583 27686 27729 E Unity : at KFFCore.SQSettings.Init () [0x00000] in <00000000000000000000000000000000>:0
12-29 11:06:58.583 27686 27729 E Unity : at SecureSpace.SessionManager.Start () [0x00000] in <00000000000000000000000000000000>:0
12-29 11:06:58.583 27686 27729 E Unity :
12-29 11:06:58.583 27686 27729 E Unity : (Filename: currently not available on il2cpp Line: -1)
12-29 11:06:58.583 27686 27729 E Unity :
12-29 11:06:58.586 27686 27729 W Unity : KFFAnalyticsService: False
12-29 11:06:58.586 27686 27729 W Unity : KFFCore.d__2:MoveNext()
12-29 11:06:58.586 27686 27729 W Unity : UnityEngine.SetupCoroutine:InvokeMoveNext(IEnumerator, IntPtr)
12-29 11:06:58.586 27686 27729 W Unity : KFFCore.KFFAnalyticsService`1:Start()
12-29 11:06:58.586 27686 27729 W Unity :
12-29 11:06:58.586 27686 27729 W Unity : (Filename: ./Runtime/Export/Debug.bindings.h Line: 45)
12-29 11:06:58.586 27686 27729 W Unity :
12-29 11:06:58.587 27686 27729 W Unity : DontDestroyOnLoad only work for root GameObjects or components on root GameObjects.
12-29 11:06:58.587 27686 27729 W Unity : Multiplayer.MultiplayerManager:Start()
12-29 11:06:58.587 27686 27729 W Unity :
12-29 11:06:58.587 27686 27729 W Unity : [ line 543]
12-29 11:06:58.587 27686 27729 W Unity : (Filename: Line: 543)
12-29 11:06:58.587 27686 27729 W Unity :
12-29 11:06:58.593 681 681 I QTI PowerHAL: Enable request for mode: 0x1
12-29 11:06:58.593 681 681 D QTI PowerHAL: Hint id is 0x1206 for mode 0x1
12-29 11:06:58.593 726 726 E ANDR-PERF-MPCTL: No valid timer value for perflock request
12-29 11:06:58.593 681 681 E QCOM PowerHAL: Failed to acquire lock for hint_id: 1206.
12-29 11:06:58.594 681 681 E QTI PowerHAL: Failed perf_hint_interaction for mode: 0x1
12-29 11:06:58.594 681 681 E QTI PowerHAL: Couldn't enable mode 0x1
12-29 11:06:58.594 726 726 E ANDR-PERF-MPCTL: No valid timer value for perflock request
12-29 11:06:58.594 681 681 E QCOM PowerHAL: Failed to acquire lock for hint_id: 1206.
12-29 11:07:02.876 1301 29982 E LightsService: Light requested not available on this device. 2
12-29 11:07:26.893 1301 29982 D WificondControl: Scan result ready event
12-29 11:06:56.999 27686 27729 I chatty : uid=10113(com.lego.ar.hidden) UnityMain identical 14 lines
12-29 11:06:56.999 27686 27729 E SchedPolicy: set_timerslack_ns write failed: Operation not permitted
12-29 11:07:31.667 1301 1301 V SettingsProvider: Notifying for 0: content://settings/system/screen_brightness